{"id":135,"date":"2016-10-24T08:31:49","date_gmt":"2016-10-24T08:31:49","guid":{"rendered":"http:\/\/miiahuttu.nettihotelli.info\/wordpress\/?page_id=135"},"modified":"2020-11-05T10:24:42","modified_gmt":"2020-11-05T08:24:42","slug":"sivu-1","status":"publish","type":"page","link":"http:\/\/miiahuttu.nettihotelli.info\/wordpress\/","title":{"rendered":"Tervetuloa!"},"content":{"rendered":"<h4>T\u00e4\u00e4lt\u00e4 l\u00f6yd\u00e4t materiaaleja visuaalisen markkinoinnin teht\u00e4viin.<\/h4>\n<p><strong>Opettajan yhteystiedot:<\/strong> miia.huttu(\u00e4t)omituinendesign.com<\/p>\n<p>\u00a0<\/p>\n<hr \/>\n<p><a href=\"https:\/\/fi.pinterest.com\/miiahuttu\/opetusta-varten\/\"><img loading=\"lazy\" decoding=\"async\" class=\"alignleft\" src=\"https:\/\/encrypted-tbn0.gstatic.com\/images?q=tbn:ANd9GcQ5GRIwsXabwa-zPHf1NyVJZYdOFZescoIaHRo2-tiRU_s9OqanMQ\" width=\"74\" height=\"74\" \/><\/a><br \/>Ker\u00e4ilen opetukseen liittyvi\u00e4 kuvia Pinterestiin. L\u00f6yd\u00e4t ne<a href=\"https:\/\/fi.pinterest.com\/miiahuttu\/opetusta-varten\/\" target=\"_blank\" rel=\"noopener noreferrer\"> <strong>t\u00e4\u00e4lt\u00e4<\/strong><\/a>:<\/p>\n\n\n<div style=\"height:40px\" aria-hidden=\"true\" class=\"wp-block-spacer\"><\/div>\n\n\n<div><a href=\"https:\/\/fi.pinterest.com\/miiahuttu\/opetusta-varten\/\" data-pin-scale-height=\"240\" data-pin-scale-width=\"80\" data-pin-do=\"embedBoard\"><\/a><\/div>\n\n\n<p><\/p>\n","protected":false},"excerpt":{"rendered":"<p>T\u00e4\u00e4lt\u00e4 l\u00f6yd\u00e4t materiaaleja visuaalisen markkinoinnin teht\u00e4viin. Opettajan yhteystiedot: miia.huttu(\u00e4t)omituinendesign.com \u00a0 Ker\u00e4ilen opetukseen liittyvi\u00e4 kuvia Pinterestiin. L\u00f6yd\u00e4t ne t\u00e4\u00e4lt\u00e4:<\/p>\n","protected":false},"author":1,"featured_media":0,"parent":0,"menu_order":0,"comment_status":"closed","ping_status":"closed","template":"","meta":{"footnotes":""},"class_list":["post-135","page","type-page","status-publish","hentry"],"_links":{"self":[{"href":"http:\/\/miiahuttu.nettihotelli.info\/wordpress\/wp-json\/wp\/v2\/pages\/135","targetHints":{"allow":["GET"]}}],"collection":[{"href":"http:\/\/miiahuttu.nettihotelli.info\/wordpress\/wp-json\/wp\/v2\/pages"}],"about":[{"href":"http:\/\/miiahuttu.nettihotelli.info\/wordpress\/wp-json\/wp\/v2\/types\/page"}],"author":[{"embeddable":true,"href":"http:\/\/miiahuttu.nettihotelli.info\/wordpress\/wp-json\/wp\/v2\/users\/1"}],"replies":[{"embeddable":true,"href":"http:\/\/miiahuttu.nettihotelli.info\/wordpress\/wp-json\/wp\/v2\/comments?post=135"}],"version-history":[{"count":20,"href":"http:\/\/miiahuttu.nettihotelli.info\/wordpress\/wp-json\/wp\/v2\/pages\/135\/revisions"}],"predecessor-version":[{"id":654,"href":"http:\/\/miiahuttu.nettihotelli.info\/wordpress\/wp-json\/wp\/v2\/pages\/135\/revisions\/654"}],"wp:attachment":[{"href":"http:\/\/miiahuttu.nettihotelli.info\/wordpress\/wp-json\/wp\/v2\/media?parent=135"}],"curies":[{"name":"wp","href":"https:\/\/api.w.org\/{rel}","templated":true}]}}