{"id":244,"date":"2018-10-04T18:45:26","date_gmt":"2018-10-04T16:45:26","guid":{"rendered":"http:\/\/miiahuttu.nettihotelli.info\/wordpress\/?page_id=244"},"modified":"2021-08-06T10:41:20","modified_gmt":"2021-08-06T08:41:20","slug":"some-markkinointi","status":"publish","type":"page","link":"http:\/\/miiahuttu.nettihotelli.info\/wordpress\/some-markkinointi\/","title":{"rendered":"Some-markkinointi"},"content":{"rendered":"\n<div class=\"wp-block-group\"><div class=\"wp-block-group__inner-container is-layout-flow wp-block-group-is-layout-flow\"><\/div><\/div>\n\n\n\n<div class=\"wp-block-file\"><a href=\"http:\/\/miiahuttu.nettihotelli.info\/wordpress\/wp-content\/uploads\/2020\/04\/Some-markkinointi-2020.pdf\" target=\"_blank\" rel=\"noreferrer noopener\">Kurssimateriaali<\/a><a href=\"http:\/\/miiahuttu.nettihotelli.info\/wordpress\/wp-content\/uploads\/2020\/04\/Some-markkinointi-2020.pdf\" class=\"wp-block-file__button\" download>Lataa<\/a><\/div>\n\n\n\n<p><a rel=\"noopener noreferrer\" href=\"https:\/\/prezi.com\/view\/hbqN0Dail33ONoir9IGE\/\" target=\"_blank\">Prezi-esitys somemarkkinoinnista<\/a><\/p>\n\n\n\n<p><a href=\"https:\/\/www.innowise.fi\/fi\/sosiaalisen-median-kaytto-suomessa-somekatsaus-04-2021\/\" data-type=\"URL\" data-id=\"https:\/\/www.innowise.fi\/fi\/sosiaalisen-median-kaytto-suomessa-somekatsaus-04-2021\/\">Sosiaalisen median raportti 2021<\/a><\/p>\n\n\n\n<hr class=\"wp-block-separator\"\/>\n\n\n\n<h3 class=\"wp-block-heading\">Hy\u00f6dyllisi\u00e4 linkkej\u00e4:<\/h3>\n\n\n\n<p>Facebook- ja Instagram-<a rel=\"noreferrer noopener\" aria-label=\"Arvontojen s\u00e4\u00e4nn\u00f6t 2019 (avautuu uudessa v\u00e4lilehdess\u00e4)\" href=\"https:\/\/grapevine.fi\/facebookin-ja-instagramin-arvontasaannot-2019\/\" target=\"_blank\">arvontojen s\u00e4\u00e4nn\u00f6t 2019<\/a><\/p>\n\n\n\n<h3 class=\"wp-block-heading\">Facebook<\/h3>\n\n\n\n<p><a href=\"https:\/\/www.digimarkkinointi.fi\/blogi\/facebook-yrityssivu-ja-silla-erottuminen\" target=\"_blank\" rel=\"noopener noreferrer\">Facebook-sivun perustaminen<\/a><\/p>\n\n\n\n<p><a href=\"https:\/\/www.digimarkkinointi.fi\/blogi\/miten-facebook-kauppa-perustetaan\" target=\"_blank\" rel=\"noopener noreferrer\">Facebook-kaupan perustaminen&nbsp;<\/a><\/p>\n\n\n\n<p><a href=\"https:\/\/someco.fi\/blogi\/facebook-arvonta-viisi-vinkkia\/\" target=\"_blank\" rel=\"noopener noreferrer\">Vinkkej\u00e4 FB-arvontoihin&nbsp;<\/a><\/p>\n\n\n\n<h3 class=\"wp-block-heading\">Googlen palvelut<\/h3>\n\n\n\n<p><a href=\"https:\/\/support.google.com\/youtube\/topic\/14965?hl=fi&amp;ref_topic=2676320\" target=\"_blank\" rel=\"noopener noreferrer\">YouTube-markkinoinnin ohjeet<\/a><\/p>\n\n\n\n<p><a href=\"https:\/\/support.google.com\/accounts\/answer\/7001996?visit_id%3D1-636185498138178656-828531069%26p%3Dbrand_accounts%26hl%3Den%26rd%3D1\" target=\"_blank\" rel=\"noopener noreferrer\">Google My Business -br\u00e4nditilin luominen, ohjeet<\/a><\/p>\n\n\n\n<h3 class=\"wp-block-heading\">Instagram<\/h3>\n\n\n\n<p><a href=\"https:\/\/www.kuulu.fi\/blogi\/instagram-mainonta-onnistumaan\/\" target=\"_blank\" rel=\"noopener noreferrer\">Instagram-markkinoinnin ABC<\/a><\/p>\n\n\n\n<p><a href=\"https:\/\/www.oppila.fi\/julkaise-instagramiin-tietokoneelta\/\" target=\"_blank\" rel=\"noopener noreferrer\">Julkaise Instagramiin tietokoneelta (sovelluksen avulla), ohjeet<\/a><\/p>\n\n\n\n<p><a href=\"https:\/\/miiaylinen.fi\/instagramin-kaytto-tietokoneella\/\" target=\"_blank\" rel=\"noopener noreferrer\">Julkaise Instagramiin tietokoneelta, ohjeet<\/a><\/p>\n\n\n\n<p><a rel=\"noreferrer noopener\" aria-label=\"Linkin lis\u00e4\u00e4minen Instagram-tarinaan (ilman 10 000 IG-seuraajaa) (avautuu uudessa v\u00e4lilehdess\u00e4)\" href=\"https:\/\/www.media-assari.fi\/swipe-up-instagramiin-ilman-10-000-seuraajaa\/?fbclid=IwAR27MtGXCYSmSUfl17fA2cOsjgQH4gMSoNdUfUFPXrZ_ht4WomUQpoyQW_g\" target=\"_blank\">Linkin lis\u00e4\u00e4minen Instagram-tarinaan (ilman 10 000 IG-seuraajaa)<\/a><\/p>\n\n\n\n<p><a rel=\"noreferrer noopener\" href=\"https:\/\/www.brandihakkeri.fi\/post\/virhe-jonka-monet-pienyritt%C3%A4j%C3%A4t-tekev%C3%A4t-instagramissa?fbclid=IwAR2h8lWgYDQr38y_7hjTZjPlHHBL4jlRPwZx5UuDkrmfyfe9W_RPoB4JA0E\" target=\"_blank\">Instagram-vinkkej\u00e4 pienyritt\u00e4j\u00e4lle<\/a><\/p>\n\n\n\n<p><a href=\"https:\/\/www.youtube.com\/watch?v=fvm_CeEsFnE&amp;ab_channel=Techboomers\" target=\"_blank\" rel=\"noreferrer noopener\">Kuinka tehd\u00e4 reels-videoita<\/a><\/p>\n\n\n\n<h3 class=\"wp-block-heading\">Snapchat<\/h3>\n\n\n\n<p><a rel=\"noopener noreferrer\" href=\"https:\/\/www.digimarkkinointi.fi\/blogi\/snapchatin-perusteet-yritykselle\" target=\"_blank\">Snapchat yritykselle<\/a><\/p>\n\n\n\n<h3 class=\"wp-block-heading\">TikTok<\/h3>\n\n\n\n<p>Mik\u00e4 on TikTok? <a href=\"https:\/\/www.youtube.com\/watch?v=DYMmHIOD7wA&amp;ab_channel=LearnOnlineVideo\" target=\"_blank\" rel=\"noreferrer noopener\">T\u00e4ll\u00e4 videolla kerrotaan perusasiat.<\/a><\/p>\n\n\n\n<h3 class=\"wp-block-heading\">Twitter<\/h3>\n\n\n\n<p><a href=\"https:\/\/www.powermarkkinointi.com\/blogi\/nain-aloitat-twitter-mainonnan\" target=\"_blank\" rel=\"noopener noreferrer\">Twitter-mainonta, ohjeita<\/a><\/p>\n\n\n\n<h3 class=\"wp-block-heading\">LinkedIn<\/h3>\n\n\n\n<p><a href=\"https:\/\/sometek.fi\/linkedin-opas-verkostoituminen-tyonhaku-ja-hyva-profiili\/\" target=\"_blank\" rel=\"noopener noreferrer\">LinkedIn-vinkkej\u00e4<\/a><\/p>\n\n\n\n<h3 class=\"wp-block-heading\">Pinterest<\/h3>\n\n\n\n<p><a href=\"https:\/\/www.kuulu.fi\/blogi\/25-vinkkia-pinterest-tehokayttoon\/\" target=\"_blank\" rel=\"noopener noreferrer\">Pinterest-vinkkej\u00e4 markkinoijalle<\/a><\/p>\n\n\n\n<p><a rel=\"noopener noreferrer\" href=\"https:\/\/www.hakukonemestarit.fi\/blogi\/pinterest-markkinoinnin-virheet\/\" target=\"_blank\">Pinterest-markkinoinnin virheet<\/a><\/p>\n\n\n\n<h3 class=\"wp-block-heading\">WhatsApp<\/h3>\n\n\n\n<p><a rel=\"noopener noreferrer\" href=\"https:\/\/someco.fi\/blogi\/whatsapp-yrityksille\/\" target=\"_blank\">WhatsApp yritysk\u00e4yt\u00f6ss\u00e4<\/a><\/p>\n\n\n\n<p><\/p>\n\n\n\n<h3 class=\"wp-block-heading\">Tietoa vaikuttajamarkkinoinnista<\/h3>\n\n\n\n<p><a rel=\"noreferrer noopener\" href=\"https:\/\/pinghelsinki.fi\/mita-on-vaikuttajamarkkinointi\/\" target=\"_blank\">Mit\u00e4 vaikuttajamarkkinoinnilla tarkoitetaan?<\/a><\/p>\n\n\n\n<h3 class=\"wp-block-heading\">Podcast<\/h3>\n\n\n\n<p><a rel=\"noreferrer noopener\" href=\"https:\/\/aalho.fi\/podcastin-aloittaminen\/\" target=\"_blank\">Mist\u00e4 aloittaa? <\/a><\/p>\n\n\n\n<p><a href=\"https:\/\/tiski.fi\/kuinka-podcast-tehdaan\/\" target=\"_blank\" rel=\"noreferrer noopener\">Kuinka podcast tehd\u00e4\u00e4n?<\/a><\/p>\n\n\n\n<h3 class=\"wp-block-heading\">Seurattavaksi some-ammattilaisten blogit:<\/h3>\n\n\n\n<p><a href=\"https:\/\/www.digimarkkinointi.fi\/blogi\" target=\"_blank\" rel=\"noopener noreferrer\">Suomen Digimarkkinointi<\/a><\/p>\n\n\n\n<p><a href=\"https:\/\/someco.fi\/blogi\/\" target=\"_blank\" rel=\"noopener noreferrer\">Someco<\/a><\/p>\n\n\n\n<p><a href=\"https:\/\/www.media-assari.fi\/blog\/\" target=\"_blank\" rel=\"noreferrer noopener\" aria-label=\"Media-assarin blogi (avautuu uudessa v\u00e4lilehdess\u00e4)\">Media-assarin blogi<\/a><\/p>\n","protected":false},"excerpt":{"rendered":"<p>Prezi-esitys somemarkkinoinnista Sosiaalisen median raportti 2021 Hy\u00f6dyllisi\u00e4 linkkej\u00e4: Facebook- ja Instagram-arvontojen s\u00e4\u00e4nn\u00f6t 2019 Facebook Facebook-sivun perustaminen Facebook-kaupan perustaminen&nbsp; Vinkkej\u00e4 FB-arvontoihin&nbsp; Googlen palvelut YouTube-markkinoinnin ohjeet Google My Business -br\u00e4nditilin luominen, ohjeet Instagram Instagram-markkinoinnin ABC Julkaise Instagramiin tietokoneelta (sovelluksen avulla), ohjeet Julkaise Instagramiin tietokoneelta, ohjeet Linkin lis\u00e4\u00e4minen Instagram-tarinaan (ilman 10 000 IG-seuraajaa) Instagram-vinkkej\u00e4 pienyritt\u00e4j\u00e4lle Kuinka tehd\u00e4 reels-videoita [&hellip;]<\/p>\n","protected":false},"author":1,"featured_media":0,"parent":0,"menu_order":0,"comment_status":"closed","ping_status":"closed","template":"","meta":{"footnotes":""},"class_list":["post-244","page","type-page","status-publish","hentry"],"_links":{"self":[{"href":"http:\/\/miiahuttu.nettihotelli.info\/wordpress\/wp-json\/wp\/v2\/pages\/244","targetHints":{"allow":["GET"]}}],"collection":[{"href":"http:\/\/miiahuttu.nettihotelli.info\/wordpress\/wp-json\/wp\/v2\/pages"}],"about":[{"href":"http:\/\/miiahuttu.nettihotelli.info\/wordpress\/wp-json\/wp\/v2\/types\/page"}],"author":[{"embeddable":true,"href":"http:\/\/miiahuttu.nettihotelli.info\/wordpress\/wp-json\/wp\/v2\/users\/1"}],"replies":[{"embeddable":true,"href":"http:\/\/miiahuttu.nettihotelli.info\/wordpress\/wp-json\/wp\/v2\/comments?post=244"}],"version-history":[{"count":44,"href":"http:\/\/miiahuttu.nettihotelli.info\/wordpress\/wp-json\/wp\/v2\/pages\/244\/revisions"}],"predecessor-version":[{"id":728,"href":"http:\/\/miiahuttu.nettihotelli.info\/wordpress\/wp-json\/wp\/v2\/pages\/244\/revisions\/728"}],"wp:attachment":[{"href":"http:\/\/miiahuttu.nettihotelli.info\/wordpress\/wp-json\/wp\/v2\/media?parent=244"}],"curies":[{"name":"wp","href":"https:\/\/api.w.org\/{rel}","templated":true}]}}